= -10 - -19. Calculate the remainder when h is divided by n.
8
Suppose 2*t + 3*b + 2*b - 44 = 0, t = -4*b + 28. Calculate the remainder when (4 + -15)/(4/(-12)) is divided by t.
9
Suppose 5*k = 8*k - 300. Let h = k - 69. Calculate the remainder when 92 is divided by h.
30
Suppose 5*c + 2*r = -0*c + 8, -3*r = 3*c - 3. Calculate the remainder when c is divided by 2.
0
Let p be (-2 + -23)*(-12)/15. Suppose 5*c = 3*c + p. Calculate the remainder when 19 is divided by c.
9
Let o = 244 - 104. Suppose -11*u + 7*u = -o. What is the remainder when u is divided by 18?
17
Let o = -55 + 79. What is the remainder when o is divided by 8?
0
Let q(y) = -8*y**2 - 2*y**2 + 8 + y**2 + y**3 - 2*y**2 + 10*y. Calculate the remainder when q(10) is divided by 5.
3
Let f = 9 + -3. Calculate the remainder when 21 is divided by 2/6*3*f.
3
Let f(a) = 23*a**2 + 1. Calculate the remainder when f(-2) is divided by 19.
17
Let q(n) = n**3 - 6*n**2 + 5. Suppose -2*m + 6 + 6 = 0. Let y(x) = 2*x**2 - 6*x + 6. Calculate the remainder when y(4) is divided by q(m).
4
Let l = 30 + 15. Calculate the remainder when l is divided by 16.
13
Let k = 14 - -2. What is the remainder when 46 is divided by k?
14
Suppose -4*f = -185 + 21. What is the remainder when f is divided by 14?
13
Suppose 4*p + p = -b + 186, 2*p - 2*b = 84. Calculate the remainder when p is divided by 13.
12
Let v(x) = -1 - 3*x + 6*x - 4*x + 3*x. Calculate the remainder when 12 is divided by v(4).
5
Let g = 7 - -14. Calculate the remainder when g is divided by (-372)/(-36) - 2/(-3).
10
Suppose 23*d + 130 = 28*d. What is the remainder when 129 is divided by d?
25
Let j = 44 + 2. What is the remainder when j is divided by 16?
14
Let v be (-1)/((-3)/(-9)) + 13. Let z = v + -7. Calculate the remainder when (-1 - (-2 - z)) + 0 is divided by 2.
0
Let b(q) be the first derivative of -17*q**2/2 - 10*q - 3. Let g = 70 + -50. Calculate the remainder when b(-4) is divided by g.
18
Let n(g) = -4*g**3 - 5*g**2 + 2. Let r be n(-4). Let k = r + -107. Suppose -4*a - 15 + k = 0. What is the remainder when a is divided by 5?
4
Let c(y) = -y**3 + 7*y**2 - 3*y - 6. Let k be c(5). Suppose -m = -k - 21. Suppose 3*h - m = -2*h. What is the remainder when 38 is divided by h?
8
Let f(b) be the second derivative of -b**5/20 + b**4/4 - b**2/2 + 2*b. Calculate the remainder when 11 is divided by f(2).
2
Let p = -89 - -90. Let k(r) = 2*r - 1. What is the remainder when k(2) is divided by p?
0
Suppose -4*c - 4*j + 492 = 0, 2*c - 133 = c + 4*j. Suppose -5*u + c = -0*u. Calculate the remainder when 73 is divided by u.
23
Let h = 3 + 2. Suppose -3*i = -h*n + 117, -4*n = -0*n - 4*i - 100. Suppose -n + 7 = -2*m. Calculate the remainder when 12 is divided by m.
5
Let i = -140 - -206. Let k = 107 - i. Let a = 19 + 2. What is the remainder when k is divided by a?
20
Let m be 12/5 + 6/(-15). Let p(j) = 2*j - 2. Let t be p(m). Calculate the remainder when 32 is divided by -22*(t - 10/4).
10
Let w(c) = -c**2 + 5*c - 1. Let k be w(4). Suppose -2*d + 55 = 3*d. Calculate the remainder when d is divided by 2/(1 + k/(-6)).
3
Let f(b) = 2 - 4*b**3 + 5*b**3 - 5 - 5*b**2 - 4*b. Calculate the remainder when f(6) is divided by 5.
4
Calculate the remainder when 46 is divided by ((-5)/(-3))/((-3)/(-18)).
6
Let a = 18 + 8. Calculate the remainder when 41 is divided by a.
15
Let w = -5 + 9. Let h = 0 + 0. Calculate the remainder when h - (0 + -1) - -6 is divided by w.
3
Let c = 64 + -37. What is the remainder when c is divided by 15?
12
Let g = -17 + 61. Let t(d) = d**2 - 16*d + 64. What is the remainder when g is divided by t(11)?
8
Suppose 5*r - 7 = 4*g, -3*g + 5*r + 0*r = 9. Suppose -35 = -g*u - 3*u. What is the remainder when u is divided by 5?
2
Let y(a) = 23*a**3 - a**2. Let v(c) = c**2 - 10*c + 5. Let f be v(9). What is the remainder when y(1) is divided by (f/10)/((-8)/160)?
6
Let z be 1876/(-10) - 4/10. What is the remainder when (0 + 1)/((-4)/z) is divided by 16?
15
Let v(n) = n**3 + 8*n**2 + 5*n. What is the remainder when 22 is divided by v(-7)?
8
Suppose 5*s = 3*p - 15, 0 = -2*p - 2*s - 6. Suppose -4*l + 9*l - 55 = p. What is the remainder when 43 is divided by l?
10
Let m(s) = 3*s - 1. Let z be m(1). Let b = 6 - z. Suppose -b*l + 155 = l. What is the remainder when l is divided by 17?
14
Let y(x) = -x - 3. Calculate the remainder when (-40)/3*9/(-3) is divided by y(-14).
7
Suppose -3*a + 4*j - 12 = a, -a + 3*j - 13 = 0. Let x be (1/a)/((-3)/(-132)). Calculate the remainder when x/(-6)*(-2 + -1) is divided by 6.
5
Suppose 311 = 4*o + r, 3*r - 4*r - 5 = 0. Calculate the remainder when o is divided by (-27)/(-1) + ((-6)/(-6) - 1).
25
Let j(o) = -o**3 + o**2 + 11. What is the remainder when 39 is divided by j(0)?
6
Let s(c) = -26*c**3 + c + 2. What is the remainder when s(-1) is divided by 17?
10
Let w(b) = 3*b**2 - 3*b - 2. Suppose 4*k = -13 - 3. Let n = k - -7. What is the remainder when w(n) is divided by 9?
7
Let p(y) = y**3 - 4*y**2 - 9*y + 4. Suppose 3*x = x - 5*k + 6, 5*x + 5*k = 30. Calculate the remainder when p(6) is divided by x.
6
Let c(l) = -2 - 3*l - l**3 + l**2 + 3*l - 2*l + 0*l. What is the remainder when c(-2) is divided by 4?
2
Let j(p) = 12*p**3 - 1. Suppose w = 1 - 0. What is the remainder when j(w) is divided by 7?
4
Let l(h) be the first derivative of h**4/4 - 2*h**3/3 + h**2 + 4*h - 2. Calculate the remainder when (-2)/7 - 522/(-14) is divided by l(3).
18
Let i(q) = -q**3 + 10*q**2 - 8*q + 1. Let b = 24 + -18. What is the remainder when i(9) is divided by b?
4
Suppose 3*n + 3*b = 24, 4*n = 5*b - 3*b + 56. What is the remainder when 23 is divided by n?
11
Let w be ((-2)/(-6))/((-4)/(-48)). Let t(m) = 3*m**2 + w*m + 7 + 0*m - 4. Calculate the remainder when 19 is divided by t(-2).
5
Let h = -7 - -20. Suppose 54 = 5*f - 136. Calculate the remainder when f is divided by h.
12
Let o(u) = 2*u**3 + 20*u**2 + 16*u - 13. Suppose 0 = -d - d + 14. What is the remainder when d is divided by o(-9)?
2
Suppose 18 = y + 2*h, 0 = 5*y - 9*y + 5*h + 124. Calculate the remainder when 77 is divided by y.
25
Let d = -343 + 580. Calculate the remainder when d is divided by 30.
27
Let a be -3*3*(-2)/(-9). Let b be a - 3/(9/(-24)). Let k = b + -4. Calculate the remainder when 5 is divided by k.
1
Let c(o) = 19*o**3 - 2*o**2 + 2*o. Calculate the remainder when 35 is divided by c(1).
16
Suppose -2*x = -2*s - 46, -x + 2*x + 4*s - 38 = 0. Calculate the remainder when x is divided by 14.
12
Let a(f) = 11*f - 3. Let l be a(2). Let o = 50 - l. What is the remainder when o is divided by 11?
9
Let x(v) be the third derivative of v**5/60 - v**4/8 + v**3/6 - 3*v**2. What is the remainder when x(7) is divided by 16?
13
Suppose 9*u = 4*u + 110. What is the remainder when 65 is divided by u?
21
Let v be -3*(-3)/(-9)*-1. Let n be -1 + 2 + v + 0. Suppose -69 = -n*u + 7. Calculate the remainder when u is divided by 13.
12
Let z = -13 - -29. Suppose 2*o - 15 - 25 = 0. Let f = 50 - o. What is the remainder when f is divided by z?
14
Suppose 0 = 5*g + 4 - 129. Calculate the remainder when g is divided by 9.
7
Let d be -1*(-3)/(-3)*-5. Suppose -d*i + 52 = -i. Calculate the remainder when i is divided by 4.
1
Let n(f) = -6*f - 3. Let w be n(-2). Let m be (2/(-4))/((-2)/16). Let r = w + m. What is the remainder when r is divided by 5?
3
Suppose -4*b + b + t + 85 = 0, 5*b - 4*t = 130. Calculate the remainder when 86 is divided by b.
26
Let z(u) = -u - 1. Let l be z(-5). Suppose 5*y = 2 - 7, -3*v - 2*y + 31 = 0. Suppose r = -l + v. Calculate the remainder when 19 is divided by r.
5
Let s be ((-10)/(-4))/((-1)/(-2)). Suppose -s*v - f - f + 349 = 0, 0 = -v - 5*f + 56. What is the remainder when v is divided by 24?
23
Let m = -161 + 243. What is the remainder when m is divided by 23?
13
Suppose 388 = 3*l + 4*u, 6*l + 5*u = l + 650. Let h = 76 - 168. Let q = l + h. Calculate the remainder when q is divided by 21.
19
Suppose 4*p = 4*l + 72, p + 5 = 4*l + 26. What is the remainder when p is divided by 5?
2
Let w be (-2)/5 - (-56)/(-10). Let j(k) = k**2 + 3*k - 7. What is the remainder when 20 is divided by j(w)?
9
Let o be 27 + 2*(-2)/4. Suppose -2*j + o = -0*m - 4*m, 2*j - 18 = -4*m. Calculate the remainder when j is divided by 6.
5
Let s = 90 + -79. Let z(x) = 5*x**3 - 2*x**2 + 2*x - 1. Cal